r when 7 is divided by m(l)?
2
Let y(n) = n + 35. Let u be y(-15). Let c = 2 - -5. What is the remainder when (-4 + 68/u)*-15 is divided by c?
2
Let y be (-1)/5 + 504/45. Calculate the remainder when 174 is divided by 131/3 + y/33.
42
Let p(k) = -4*k - 9. Let v be p(-6). Suppose 3*n - v = -2*n. Suppose 2*l + i - 219 = -n*l, 0 = 5*l - 2*i - 207. What is the remainder when l is divided by 11?
10
Suppose -2*r + 3037 = 5*o, 8*r + 1819 = 3*o + 6*r. Calculate the remainder when o is divided by 36.
31
Suppose -3*m + 15 = -3*q, 3*m + m = -q + 20. Suppose -m*c = -c - 52. Suppose -k = c - 35. Calculate the remainder when 41 is divided by k.
19
Let o = 1087 - 886. Calculate the remainder when o is divided by 67.
0
Let c(l) = -l**2 + 2*l - 1. Let a(f) = 2*f**2 - 2*f. Let s(d) = 2*a(d) + 3*c(d). Let r be s(-3). What is the remainder when 4/(16/76) - r is divided by 5?
4
Let y(v) = -v**2 + 5*v + 9. Let t be y(6). Suppose -4 = -4*i + t*i. What is the remainder when (1 + i)*1404/65 is divided by 37?
34
Let a(m) = m**3 - 17*m**2 - 38*m + 12. Calculate the remainder when 23 is divided by a(19).
11
Let t(o) = 3*o**2 + 29*o + 22. What is the remainder when t(-13) is divided by 40?
32
Let n be ((-2)/3)/(28/42). Let x(r) = -1. Let k(v) = -v - 7. Let h(a) = n*x(a) - k(a). Calculate the remainder when h(0) is divided by 3.
2
Let j = 35 + -23. Let m = 204 - 147. What is the remainder when m is divided by j?
9
Let m = -74 - -92. What is the remainder when 113 is divided by m?
5
Suppose 882 - 3687 = -5*p. Calculate the remainder when 10/(-25) + (-4)/((-60)/p) is divided by 5.
2
Suppose 7 = u - 0. Suppose z + 5563 = 5568. Calculate the remainder when u is divided by z.
2
Suppose -z = u - 44, 4*u - 174 - 14 = -z. What is the remainder when u is divided by 13?
9
Suppose -4*z = -132 - 104. Let s(h) = -2*h**2 + 15*h - 14. Let f be s(7). Calculate the remainder when z is divided by (0 + f/2)/(33/(-198)).
17
Let m be 10/4*1/((-1)/4). Calculate the remainder when ((-6)/m)/((-2)/(-70)) is divided by 11.
10
Suppose 5*k = 3*m - 140, -3*m - 4*k + 66 = -38. Calculate the remainder when 158 is divided by m.
38
Suppose 0 = -4*p + 719 - 79. What is the remainder when p is divided by 24?
16
Suppose 0 = -4*p + g + 30 - 11, 0 = p - 4*g - 16. Suppose -2*t - n = -32, 6*t - 28 = 4*t - 2*n. What is the remainder when t is divided by p?
2
Let d = -74 + 162. Let i(q) = -52*q - 230. What is the remainder when d is divided by i(-5)?
28
Let u = 12627 + -12553. Calculate the remainder when u is divided by 11/(-3)*(-12)/2.
8
Let t(w) = -3*w + 11. Let r be (-3)/(-12) + (119/(-4))/7. What is the remainder when 91 is divided by t(r)?
22
Let a(l) = l**2 + 16*l - 2*l**2 + 0*l - 2 - 1. Calculate the remainder when a(13) is divided by 13.
10
Suppose -5*f + h + 75 = 0, -21 = -2*f - 5*h + 9. What is the remainder when 163 is divided by f?
13
Suppose 4*s - 3*s - 5*r = 95, -s - 4*r = -50. What is the remainder when 233 is divided by s?
23
Calculate the remainder when 709 is divided by (-2 + (-164)/(-3))/(490/735).
77
Suppose -4*g - 2*b + 3*b = 12, 5*b - 12 = 4*g. Calculate the remainder when 59 is divided by (14/g)/((-33)/27 - -1).
17
Let p(q) = 10*q**2 + 35*q + 57. What is the remainder when 91 is divided by p(-2)?
10
Suppose h = -2, 0 = -2*m + 3*h + 4 + 2. What is the remainder when 10 is divided by m + 3*7/3?
3
Let y = -374 - -398. Let i(f) = f**2 + 93. What is the remainder when i(0) is divided by y?
21
Let k(i) = i**3 - i**2 - 3*i + 35. Let q be k(0). Calculate the remainder when 65 is divided by (-342)/(-10) - 7/q.
31
Let q(x) = x**3 + 9*x**2 + 2*x + 4. Let r be q(-9). Let s = r - -34. Let d = s + 11. What is the remainder when d is divided by 8?
7
Let t(q) = 3*q**2 - 31*q + 1118. What is the remainder when t(0) is divided by 16?
14
Let o(t) = -7*t - 11. Suppose 4*m - 68 = -5*z + 42, 0 = -4*m. What is the remainder when z is divided by o(-3)?
2
Calculate the remainder when (-88)/(-15 + 13 - (0 - 1)) is divided by 10.
8
Let j be -4*2/(-16)*-10. What is the remainder when 23 - j - (2 + 0) is divided by 9?
8
Let o(q) = -17*q - 6. Let i(c) = -c - 1. Let v(t) = -6*i(t) + o(t). What is the remainder when 10*34/4*1 is divided by v(-2)?
19
Let v(o) = o**3 - 53*o**2 + o + 41. Calculate the remainder when v(53) is divided by 24.
22
Suppose 0 = 2*c - 15 + 5. Let l be (2 + (-3 - -1))/1. Suppose 3*g - 4*b = -0*g + 14, l = -5*g + b + 12. Calculate the remainder when c is divided by g.
1
Let n = 70 + -38. Calculate the remainder when n is divided by 25.
7
Suppose -37*g = -20*g - 119. Let o be 8/12 + (-4)/(-3). Suppose -5*m - 2*f = -136, 6*m = 3*m + o*f + 72. What is the remainder when m is divided by g?
5
Calculate the remainder when (-3 - 2/2)*3162/(-136) is divided by 8.
5
Let o(f) = -13*f - 3. Let g be o(8). Let c = -52 - g. Calculate the remainder when c is divided by 14.
13
Calculate the remainder when 114 is divided by 44 - (9 + 12/(-3)).
36
Suppose 0 = 5*v - 4*i - 21, 3*v + 3*i + 9 = -0*i. Let x = v - -6. Suppose -m = -0*r - r, -5*m - 2*r + x = 0. What is the remainder when m is divided by 1?
0
What is the remainder when 558 is divided by ((-7)/(140/710))/(1/(-4))?
132
Let j(x) = 9*x - 279. What is the remainder when 93 is divided by j(35)?
21
Let h(c) = c + 11. Let d be h(-9). Let w be 9/(-6) + (-45)/d. Let s = w - -46. What is the remainder when 63 is divided by s?
19
What is the remainder when 57 is divided by (1 - (-5)/(-4))*-116?
28
What is the remainder when (-12)/(-90) + 13333/15 is divided by 81?
79
Let d = 699 + -466. What is the remainder when d is divided by 14?
9
Let c(a) = -a**2 - 4. Let n be c(4). Let b be 40/25*34*10/(-8). Let r = n - b. Calculate the remainder when r is divided by 10.
8
Let f(u) = 10*u - 212. What is the remainder when 284 is divided by f(27)?
52
Calculate the remainder when 310/1 + (-11 - -3) is divided by 75.
2
Let y(n) = -n**3 - 5*n**2 - 3*n + 3. Suppose 2*t = 5*t - 18. Let w = t + 9. What is the remainder when y(-6) is divided by w?
12
Calculate the remainder when (-4)/1 - (-444)/37 is divided by 6.
2
Let n = -38 - -133. Let i = 118 - n. Calculate the remainder when i is divided by 9.
5
Suppose -3*j = -0*j. Suppose y + 2 = -2, 2*w - 2*y - 12 = j. Suppose -18 = -l - 4*t + t, 0 = -w*l - 5*t + 36. What is the remainder when l is divided by 10?
8
Suppose -147 = -2*l - 23. Let s(x) = -x**3 - 8*x**2 + 8*x + 13. What is the remainder when l is divided by s(-9)?
18
Calculate the remainder when 44 is divided by (80 + -32)*(-2)/(-6).
12
Let y = 3 - 0. Let w(t) = -2*t - 26 + 4 - 2 - t. Calculate the remainder when w(-10) is divided by y.
0
Let n be (5 + 1 - -2) + -3. Suppose 9 - 24 = -4*t - g, 3*t + 6 = n*g. Suppose 0 = -x - 4, -t*a = x + 2*x - 93. What is the remainder when a is divided by 18?
17
Let u = -15 - -35. Suppose 0 = -9*h - h + 110. Calculate the remainder when u is divided by h.
9
What is the remainder when -2 + -5 - (5 + -348) is divided by 81?
12
Let f(m) = -7*m**3 - 5*m**2 - 16*m - 16. What is the remainder when f(-3) is divided by 36?
32
Suppose 5*r = 3*d + 81 - 15, 4*d - 42 = -2*r. Let n be (-96)/r + (-3)/5. What is the remainder when 34 is divided by n/(((-16)/(-4))/(-4))?
6
Suppose 12*g - 2*g = 30. Calculate the remainder when 220 is divided by (3042/(-27))/13*g/(-2).
12
Let r(b) = -59*b**3 + b + 2*b + 23 + 58*b**3. Calculate the remainder when r(0) is divided by 15.
8
Let p(o) = o**3 + 10*o**2 + 20*o - 4. Let i be p(-7). Suppose -116 = i*d - 503. Calculate the remainder when d is divided by 26.
25
Let v = -117 + 135. Let b = v - 2. What is the remainder when 109 is divided by b?
13
Suppose 10*p - 6 = -716. Let b = p - -88. What is the remainder when 169 is divided by b?
16
Let t(y) = y**2 - 5*y - 4 + 13 + 24*y + 0*y. Calculate the remainder when t(-19) is divided by 0 + 4 + (0 - 0).
1
Let l(n) = -n**3 + 9*n**2 + n + 37. Calculate the remainder when 121 is divided by l(9).
29
Calculate the remainder when 86 is divided by 1*(-60)/(-35)*(-21)/(-2).
14
Suppose 4*b + 7*h - 11*h - 24 = 0, -h = 3*b - 6. Calculate the remainder when 10 is divided by b.
1
Suppose -5*o - 2 + 6 = -3*g, 5*g + 5*o - 20 = 0. What is the remainder when 15 is divided by g?
1
Let p(t) = t**3 - 3*t**2 - 10*t + 6. Let f be p(5). Suppose -f = -s - 4. What is the remainder when 6 is divided by s?
0
